{"id":120,"date":"2024-09-22T12:49:41","date_gmt":"2024-09-22T12:49:41","guid":{"rendered":"http:\/\/www.huisartsenpraktijkveltum.nl\/main\/?page_id=120"},"modified":"2025-12-03T13:10:22","modified_gmt":"2025-12-03T12:10:22","slug":"patienten-portaal","status":"publish","type":"page","link":"https:\/\/www.huisartsenpraktijkveltum.nl\/main\/patienten-portaal\/","title":{"rendered":"Pati\u00ebnten portaal"},"content":{"rendered":"\n<p><strong>Welke mogelijkheden heb ik met het pati\u00ebntenportaal?<\/strong><\/p>\n\n\n\n<p>Als pati\u00ebnt van huisartsenpraktijk Veltum heeft u de volgende mogelijkheden binnen het pati\u00ebntenportaal:<\/p>\n\n\n\n<p><strong>Recepten<\/strong><br>Er is een mogelijkheid om herhaalrecepten te bestellen. Deze liggen twee werkdagen later voor u klaar bij uw eigen apotheek. Bepaalde medicijnen kunnen niet via de app worden herhaald. Dit zijn vooral middelen voor psychische aandoeningen, slaapmiddelen en morfine-achtige middelen. Dit is soms niet handig maar we kunnen dit niet veranderen.<\/p>\n\n\n\n<p><strong>E-consult<\/strong><br>U kunt ook veilig via een e-consult een medische vraag aan ons stellen. Binnen 5 werkdagen krijgt u een reactie hierop.<\/p>\n\n\n\n<p><strong>Inzage dossier<\/strong><br>De mogelijkheid om een gedeelte van uw dossier in te zien. Zoals bijvoorbeeld het inzien van laboratorium uitslagen, brieven of adviezen.<\/p>\n\n\n\n<p><strong>Mijn gegevens<\/strong><br>Hier kunt u persoonlijke gegevens terugvinden die bij ons geregistreerd staan zoals verzekeringsgegevens, apotheek en huisarts.<\/p>\n\n\n\n<p><strong>Afspraken maken<\/strong><br>Hier kunt u eenvoudig zelf een afspraak maken met zorgverlener. <\/p>\n\n\n\n<p><strong>Inloggen<\/strong><br>Om in te kunnen loggen in het pati\u00ebntenportaal heeft u het volgende nodig:<br>-U bent geregistreerd als pati\u00ebnt binnen huisartsenpraktijk Veltum<br>-U beschikt over een computer, laptop of smartphone met een werkende internetverbinding<br>-U beschikt over een DigiD met controle middels sms code of beschikt over de DigiD app<\/p>\n\n\n\n<p>Klik&nbsp;<a href=\"https:\/\/mijn.cohesie.org\/Authentication\/Authenticate\/DigiDAuthentication?zpauth=DigiDClusterHybrid\">hier<\/a>&nbsp;om naar het inlogscherm te gaan<\/p>\n\n\n\n<p>Voor meer informatie over het <a href=\"https:\/\/www.youtube.com\/watch?v=l6tMSKBIhQw\" target=\"_blank\" rel=\"noreferrer noopener\">pati\u00ebntenportaal<\/a> klik dan <a href=\"https:\/\/www.youtube.com\/watch?v=l6tMSKBIhQw\" target=\"_blank\" rel=\"noreferrer noopener\">hier<\/a>.<br><\/p>\n\n\n\n<p><\/p>\n","protected":false},"excerpt":{"rendered":"<p>Welke mogelijkheden heb ik met het pati\u00ebntenportaal? Als pati\u00ebnt van huisartsenpraktijk Veltum heeft u de volgende mogelijkheden binnen het pati\u00ebntenportaal: ReceptenEr is een mogelijkheid om herhaalrecepten te bestellen. Deze liggen twee werkdagen later voor u klaar bij uw eigen apotheek. Bepaalde medicijnen kunnen niet via de app worden herhaald. Dit zijn vooral middelen voor psychische [&hellip;]<\/p>\n","protected":false},"author":1,"featured_media":0,"parent":0,"menu_order":0,"comment_status":"closed","ping_status":"closed","template":"","meta":{"footnotes":""},"class_list":["post-120","page","type-page","status-publish","hentry"],"yoast_head":"<!-- This site is optimized with the Yoast SEO plugin v27.5 - https:\/\/yoast.com\/product\/yoast-seo-wordpress\/ -->\n<title>Pati\u00ebnten portaal - Huisartsen Praktijk Veltum<\/title>\n<meta name=\"robots\" content=\"index, follow, max-snippet:-1, max-image-preview:large, max-video-preview:-1\" \/>\n<link rel=\"canonical\" href=\"https:\/\/www.huisartsenpraktijkveltum.nl\/main\/patienten-portaal\/\" \/>\n<meta property=\"og:locale\" content=\"nl_NL\" \/>\n<meta property=\"og:type\" content=\"article\" \/>\n<meta property=\"og:title\" content=\"Pati\u00ebnten portaal - Huisartsen Praktijk Veltum\" \/>\n<meta property=\"og:description\" content=\"Welke mogelijkheden heb ik met het pati\u00ebntenportaal? Als pati\u00ebnt van huisartsenpraktijk Veltum heeft u de volgende mogelijkheden binnen het pati\u00ebntenportaal: ReceptenEr is een mogelijkheid om herhaalrecepten te bestellen. Deze liggen twee werkdagen later voor u klaar bij uw eigen apotheek. Bepaalde medicijnen kunnen niet via de app worden herhaald. Dit zijn vooral middelen voor psychische [&hellip;]\" \/>\n<meta property=\"og:url\" content=\"https:\/\/www.huisartsenpraktijkveltum.nl\/main\/patienten-portaal\/\" \/>\n<meta property=\"og:site_name\" content=\"Huisartsen Praktijk Veltum\" \/>\n<meta property=\"article:modified_time\" content=\"2025-12-03T12:10:22+00:00\" \/>\n<meta property=\"og:image\" content=\"https:\/\/www.huisartsenpraktijkveltum.nl\/wp-content\/uploads\/2024\/12\/LOGO-Huisartsen-Praktijk-Veltum-4.png\" \/>\n\t<meta property=\"og:image:width\" content=\"229\" \/>\n\t<meta property=\"og:image:height\" content=\"150\" \/>\n\t<meta property=\"og:image:type\" content=\"image\/png\" \/>\n<meta name=\"twitter:card\" content=\"summary_large_image\" \/>\n<meta name=\"twitter:label1\" content=\"Geschatte leestijd\" \/>\n\t<meta name=\"twitter:data1\" content=\"2 minuten\" \/>\n<script type=\"application\/ld+json\" class=\"yoast-schema-graph\">{\"@context\":\"https:\\\/\\\/schema.org\",\"@graph\":[{\"@type\":\"WebPage\",\"@id\":\"https:\\\/\\\/www.huisartsenpraktijkveltum.nl\\\/main\\\/patienten-portaal\\\/\",\"url\":\"https:\\\/\\\/www.huisartsenpraktijkveltum.nl\\\/main\\\/patienten-portaal\\\/\",\"name\":\"Pati\u00ebnten portaal - Huisartsen Praktijk Veltum\",\"isPartOf\":{\"@id\":\"https:\\\/\\\/www.huisartsenpraktijkveltum.nl\\\/main\\\/#website\"},\"datePublished\":\"2024-09-22T12:49:41+00:00\",\"dateModified\":\"2025-12-03T12:10:22+00:00\",\"breadcrumb\":{\"@id\":\"https:\\\/\\\/www.huisartsenpraktijkveltum.nl\\\/main\\\/patienten-portaal\\\/#breadcrumb\"},\"inLanguage\":\"nl-NL\",\"potentialAction\":[{\"@type\":\"ReadAction\",\"target\":[\"https:\\\/\\\/www.huisartsenpraktijkveltum.nl\\\/main\\\/patienten-portaal\\\/\"]}]},{\"@type\":\"BreadcrumbList\",\"@id\":\"https:\\\/\\\/www.huisartsenpraktijkveltum.nl\\\/main\\\/patienten-portaal\\\/#breadcrumb\",\"itemListElement\":[{\"@type\":\"ListItem\",\"position\":1,\"name\":\"Home\",\"item\":\"https:\\\/\\\/www.huisartsenpraktijkveltum.nl\\\/main\\\/\"},{\"@type\":\"ListItem\",\"position\":2,\"name\":\"Pati\u00ebnten portaal\"}]},{\"@type\":\"WebSite\",\"@id\":\"https:\\\/\\\/www.huisartsenpraktijkveltum.nl\\\/main\\\/#website\",\"url\":\"https:\\\/\\\/www.huisartsenpraktijkveltum.nl\\\/main\\\/\",\"name\":\"Huisartsen Praktijk Veltum\",\"description\":\"Huisartsen Praktijk Veltum\",\"publisher\":{\"@id\":\"https:\\\/\\\/www.huisartsenpraktijkveltum.nl\\\/main\\\/#organization\"},\"alternateName\":\"huisartsenpraktijk Veltum\",\"potentialAction\":[{\"@type\":\"SearchAction\",\"target\":{\"@type\":\"EntryPoint\",\"urlTemplate\":\"https:\\\/\\\/www.huisartsenpraktijkveltum.nl\\\/main\\\/?s={search_term_string}\"},\"query-input\":{\"@type\":\"PropertyValueSpecification\",\"valueRequired\":true,\"valueName\":\"search_term_string\"}}],\"inLanguage\":\"nl-NL\"},{\"@type\":\"Organization\",\"@id\":\"https:\\\/\\\/www.huisartsenpraktijkveltum.nl\\\/main\\\/#organization\",\"name\":\"Huisartsen Praktijk Veltum\",\"url\":\"https:\\\/\\\/www.huisartsenpraktijkveltum.nl\\\/main\\\/\",\"logo\":{\"@type\":\"ImageObject\",\"inLanguage\":\"nl-NL\",\"@id\":\"https:\\\/\\\/www.huisartsenpraktijkveltum.nl\\\/main\\\/#\\\/schema\\\/logo\\\/image\\\/\",\"url\":\"https:\\\/\\\/www.huisartsenpraktijkveltum.nl\\\/wp-content\\\/uploads\\\/2024\\\/12\\\/LOGO-Huisartsen-Praktijk-Veltum-4.png\",\"contentUrl\":\"https:\\\/\\\/www.huisartsenpraktijkveltum.nl\\\/wp-content\\\/uploads\\\/2024\\\/12\\\/LOGO-Huisartsen-Praktijk-Veltum-4.png\",\"width\":229,\"height\":150,\"caption\":\"Huisartsen Praktijk Veltum\"},\"image\":{\"@id\":\"https:\\\/\\\/www.huisartsenpraktijkveltum.nl\\\/main\\\/#\\\/schema\\\/logo\\\/image\\\/\"}}]}<\/script>\n<!-- \/ Yoast SEO plugin. -->","yoast_head_json":{"title":"Pati\u00ebnten portaal - Huisartsen Praktijk Veltum","robots":{"index":"index","follow":"follow","max-snippet":"max-snippet:-1","max-image-preview":"max-image-preview:large","max-video-preview":"max-video-preview:-1"},"canonical":"https:\/\/www.huisartsenpraktijkveltum.nl\/main\/patienten-portaal\/","og_locale":"nl_NL","og_type":"article","og_title":"Pati\u00ebnten portaal - Huisartsen Praktijk Veltum","og_description":"Welke mogelijkheden heb ik met het pati\u00ebntenportaal? Als pati\u00ebnt van huisartsenpraktijk Veltum heeft u de volgende mogelijkheden binnen het pati\u00ebntenportaal: ReceptenEr is een mogelijkheid om herhaalrecepten te bestellen. Deze liggen twee werkdagen later voor u klaar bij uw eigen apotheek. Bepaalde medicijnen kunnen niet via de app worden herhaald. Dit zijn vooral middelen voor psychische [&hellip;]","og_url":"https:\/\/www.huisartsenpraktijkveltum.nl\/main\/patienten-portaal\/","og_site_name":"Huisartsen Praktijk Veltum","article_modified_time":"2025-12-03T12:10:22+00:00","og_image":[{"width":229,"height":150,"url":"https:\/\/www.huisartsenpraktijkveltum.nl\/wp-content\/uploads\/2024\/12\/LOGO-Huisartsen-Praktijk-Veltum-4.png","type":"image\/png"}],"twitter_card":"summary_large_image","twitter_misc":{"Geschatte leestijd":"2 minuten"},"schema":{"@context":"https:\/\/schema.org","@graph":[{"@type":"WebPage","@id":"https:\/\/www.huisartsenpraktijkveltum.nl\/main\/patienten-portaal\/","url":"https:\/\/www.huisartsenpraktijkveltum.nl\/main\/patienten-portaal\/","name":"Pati\u00ebnten portaal - Huisartsen Praktijk Veltum","isPartOf":{"@id":"https:\/\/www.huisartsenpraktijkveltum.nl\/main\/#website"},"datePublished":"2024-09-22T12:49:41+00:00","dateModified":"2025-12-03T12:10:22+00:00","breadcrumb":{"@id":"https:\/\/www.huisartsenpraktijkveltum.nl\/main\/patienten-portaal\/#breadcrumb"},"inLanguage":"nl-NL","potentialAction":[{"@type":"ReadAction","target":["https:\/\/www.huisartsenpraktijkveltum.nl\/main\/patienten-portaal\/"]}]},{"@type":"BreadcrumbList","@id":"https:\/\/www.huisartsenpraktijkveltum.nl\/main\/patienten-portaal\/#breadcrumb","itemListElement":[{"@type":"ListItem","position":1,"name":"Home","item":"https:\/\/www.huisartsenpraktijkveltum.nl\/main\/"},{"@type":"ListItem","position":2,"name":"Pati\u00ebnten portaal"}]},{"@type":"WebSite","@id":"https:\/\/www.huisartsenpraktijkveltum.nl\/main\/#website","url":"https:\/\/www.huisartsenpraktijkveltum.nl\/main\/","name":"Huisartsen Praktijk Veltum","description":"Huisartsen Praktijk Veltum","publisher":{"@id":"https:\/\/www.huisartsenpraktijkveltum.nl\/main\/#organization"},"alternateName":"huisartsenpraktijk Veltum","potentialAction":[{"@type":"SearchAction","target":{"@type":"EntryPoint","urlTemplate":"https:\/\/www.huisartsenpraktijkveltum.nl\/main\/?s={search_term_string}"},"query-input":{"@type":"PropertyValueSpecification","valueRequired":true,"valueName":"search_term_string"}}],"inLanguage":"nl-NL"},{"@type":"Organization","@id":"https:\/\/www.huisartsenpraktijkveltum.nl\/main\/#organization","name":"Huisartsen Praktijk Veltum","url":"https:\/\/www.huisartsenpraktijkveltum.nl\/main\/","logo":{"@type":"ImageObject","inLanguage":"nl-NL","@id":"https:\/\/www.huisartsenpraktijkveltum.nl\/main\/#\/schema\/logo\/image\/","url":"https:\/\/www.huisartsenpraktijkveltum.nl\/wp-content\/uploads\/2024\/12\/LOGO-Huisartsen-Praktijk-Veltum-4.png","contentUrl":"https:\/\/www.huisartsenpraktijkveltum.nl\/wp-content\/uploads\/2024\/12\/LOGO-Huisartsen-Praktijk-Veltum-4.png","width":229,"height":150,"caption":"Huisartsen Praktijk Veltum"},"image":{"@id":"https:\/\/www.huisartsenpraktijkveltum.nl\/main\/#\/schema\/logo\/image\/"}}]}},"_links":{"self":[{"href":"https:\/\/www.huisartsenpraktijkveltum.nl\/main\/wp-json\/wp\/v2\/pages\/120","targetHints":{"allow":["GET"]}}],"collection":[{"href":"https:\/\/www.huisartsenpraktijkveltum.nl\/main\/wp-json\/wp\/v2\/pages"}],"about":[{"href":"https:\/\/www.huisartsenpraktijkveltum.nl\/main\/wp-json\/wp\/v2\/types\/page"}],"author":[{"embeddable":true,"href":"https:\/\/www.huisartsenpraktijkveltum.nl\/main\/wp-json\/wp\/v2\/users\/1"}],"replies":[{"embeddable":true,"href":"https:\/\/www.huisartsenpraktijkveltum.nl\/main\/wp-json\/wp\/v2\/comments?post=120"}],"version-history":[{"count":5,"href":"https:\/\/www.huisartsenpraktijkveltum.nl\/main\/wp-json\/wp\/v2\/pages\/120\/revisions"}],"predecessor-version":[{"id":366,"href":"https:\/\/www.huisartsenpraktijkveltum.nl\/main\/wp-json\/wp\/v2\/pages\/120\/revisions\/366"}],"wp:attachment":[{"href":"https:\/\/www.huisartsenpraktijkveltum.nl\/main\/wp-json\/wp\/v2\/media?parent=120"}],"curies":[{"name":"wp","href":"https:\/\/api.w.org\/{rel}","templated":true}]}}